{"id":20757,"date":"2024-11-12T14:41:16","date_gmt":"2024-11-12T14:41:16","guid":{"rendered":"https:\/\/andreantunes.com\/loja\/?post_type=product&#038;p=20757"},"modified":"2025-06-12T01:57:56","modified_gmt":"2025-06-12T01:57:56","slug":"balistica-aplicada-ao-tiro-esportivo","status":"publish","type":"product","link":"https:\/\/andreantunes.com\/loja\/product\/balistica-aplicada-ao-tiro-esportivo\/","title":{"rendered":"Bal\u00edstica Aplicada ao Tiro Esportivo"},"content":{"rendered":"<p>No contexto do tiro esportivo, compreender os princ\u00edpios da bal\u00edstica n\u00e3o s\u00f3 amplia o entendimento t\u00e9cnico sobre o disparo, mas tamb\u00e9m permite que o atleta<br \/>\nmelhore significativamente sua performance. Cada disparo \u00e9 influenciado por uma s\u00e9rie de fatores f\u00edsicos, como a gravidade, o vento, e a resist\u00eancia do ar, que juntos deter\u2010 minam a trajet\u00f3ria, a velocidade e o impacto do proj\u00e9til.<\/p>\n<p>Para os praticantes de tiro esportivo, entender os fundamentos da bal\u00edstica \u00e9 uma vantagem crucial. N\u00e3o se trata apenas de apertar o gatilho, mas de dominar o conhecimento necess\u00e1rio para prever com precis\u00e3o o comportamento do disparo. Ao aprender a ajustar o \u00e2ngulo de eleva\u00e7\u00e3o, corrigir os efeitos do vento e calcular a energia do proj\u00e9til, o atirador consegue refinar sua t\u00e9cnica, garantindo tiros mais precisos e eficientes em competi\u00e7\u00f5es e treinamentos. <\/p>\n<p>Este livro aborda de uma maneira t\u00e9cnica e did\u00e1tica os Conceitos, os Fundamentos e Aplica\u00e7\u00f5es.<\/p>\n<p>INDICE:<\/p>\n<p>1. A Bal\u00edstica no Tiro Esportivo<br \/>\n2. Conceitos Fundamentais de Bal\u00edstica<br \/>\n5. Bal\u00edstica Externa: O V\u00f4o do Proj\u00e9til<br \/>\n6. Bal\u00edstica Terminal: O Impacto no Alvo<br \/>\n3. Componentes de um Disparo<br \/>\n4. Bal\u00edstica Interna: O Que Acontece Dentro da Arma<br \/>\n7. C\u00e1lculos de Bal\u00edstica Externa<br \/>\n8. Aplica\u00e7\u00f5es Pr\u00e1ticas da Bal\u00edstica no Tiro Esportivo<br \/>\n9. Fatores Externos e Corre\u00e7\u00e3o de Tiro<br \/>\n10. Estudos de Caso e An\u00e1lise de Tiros Esportivos<br \/>\n11. Tabelas Bal\u00edsticas e Refer\u00eancias<br \/>\n12. Seguir Aperfei\u00e7oando<\/p>\n<p>Adquira j\u00e1 o seu!<\/p>\n","protected":false},"excerpt":{"rendered":"<p>Para os praticantes de tiro esportivo, entender os fundamentos da bal\u00edstica \u00e9 uma vantagem crucial. N\u00e3o se trata apenas de apertar o gatilho, mas de dominar o conhecimento necess\u00e1rio para prever com precis\u00e3o o comportamento do disparo. <\/p>\n","protected":false},"featured_media":20758,"comment_status":"open","ping_status":"closed","template":"","meta":[],"product_cat":[194],"product_tag":[195,196,198,197,199],"class_list":{"0":"post-20757","1":"product","2":"type-product","3":"status-publish","4":"has-post-thumbnail","6":"product_cat-livros","7":"product_tag-balistica","8":"product_tag-balistica-externa","9":"product_tag-balistica-interna","10":"product_tag-balistica-terminal","11":"product_tag-tiro-esportivo","13":"first","14":"instock","15":"sale","16":"shipping-taxable","17":"purchasable","18":"product-type-simple"},"_links":{"self":[{"href":"https:\/\/andreantunes.com\/loja\/wp-json\/wp\/v2\/product\/20757"}],"collection":[{"href":"https:\/\/andreantunes.com\/loja\/wp-json\/wp\/v2\/product"}],"about":[{"href":"https:\/\/andreantunes.com\/loja\/wp-json\/wp\/v2\/types\/product"}],"replies":[{"embeddable":true,"href":"https:\/\/andreantunes.com\/loja\/wp-json\/wp\/v2\/comments?post=20757"}],"wp:featuredmedia":[{"embeddable":true,"href":"https:\/\/andreantunes.com\/loja\/wp-json\/wp\/v2\/media\/20758"}],"wp:attachment":[{"href":"https:\/\/andreantunes.com\/loja\/wp-json\/wp\/v2\/media?parent=20757"}],"wp:term":[{"taxonomy":"product_cat","embeddable":true,"href":"https:\/\/andreantunes.com\/loja\/wp-json\/wp\/v2\/product_cat?post=20757"},{"taxonomy":"product_tag","embeddable":true,"href":"https:\/\/andreantunes.com\/loja\/wp-json\/wp\/v2\/product_tag?post=20757"}],"curies":[{"name":"wp","href":"https:\/\/api.w.org\/{rel}","templated":true}]}}